actor of 12749 and 418?
209
What is the highest common divisor of 789 and 9205?
263
What is the highest common divisor of 540 and 3060?
180
What is the highest common factor of 335 and 268?
67
What is the greatest common factor of 207 and 138?
69
Calculate the highest common factor of 1650 and 44.
22
Calculate the highest common divisor of 648 and 216.
216
Calculate the greatest common divisor of 1564 and 136.
68
Calculate the highest common factor of 295 and 5.
5
What is the highest common divisor of 230 and 270?
10
Calculate the greatest common factor of 633 and 1.
1
What is the highest common factor of 1760 and 9504?
352
What is the greatest common factor of 144 and 90?
18
What is the highest common factor of 5896 and 88?
88
What is the greatest common divisor of 2704 and 3211?
169
What is the highest common factor of 42 and 483?
21
Calculate the highest common divisor of 65 and 299.
13
Calculate the greatest common divisor of 64 and 9536.
64
Calculate the highest common factor of 885 and 135.
15
Calculate the highest common factor of 144 and 648.
72
What is the greatest common divisor of 248 and 589?
31
Calculate the greatest common divisor of 7125 and 225.
75
What is the highest common factor of 468 and 60?
12
Calculate the greatest common factor of 12261 and 61.
61
What is the highest common divisor of 5828 and 4340?
124
What is the greatest common divisor of 80 and 784?
16
What is the highest common divisor of 3 and 54?
3
Calculate the greatest common divisor of 93 and 16151.
31
Calculate the highest common factor of 350 and 98.
14
What is the highest common divisor of 64 and 248?
8
Calculate the highest common divisor of 85143 and 303.
303
Calculate the highest common factor of 204 and 12.
12
Calculate the highest common factor of 76 and 114.
38
Calculate the highest common divisor of 68 and 4.
4
What is the greatest common factor of 11956 and 732?
244
What is the greatest common divisor of 42 and 48?
6
Calculate the greatest common divisor of 20 and 140.
20
What is the highest common divisor of 57 and 64353?
57
What is the greatest common factor of 18 and 6?
6
What is the highest common divisor of 1 and 73?
1
What is the greatest common factor of 12 and 12486?
6
What is the greatest common divisor of 130 and 20?
10
What is the greatest common divisor of 9 and 486?
9
Calculate the highest common divisor of 3000 and 120.
120
What is the highest common factor of 304 and 76?
76
Calculate the highest common divisor of 84 and 15428.
28
What is the highest common divisor of 10 and 10590?
10
Calculate the greatest common factor of 16352 and 56.
56
Calculate the greatest common factor of 9 and 117.
9
Calculate the highest common divisor of 32 and 18416.
16
Calculate the highest common factor of 165 and 99.
33
What is the highest common factor of 138 and 108?
6
Calculate the highest common factor of 1668 and 12.
12
Calculate the highest common divisor of 15 and 15.
15
Calculate the greatest common divisor of 71 and 781.
71
What is the highest common divisor of 488 and 8?
8
What is the highest common factor of 1817 and 23?
23
What is the highest common divisor of 33 and 1221?
33
What is the greatest common divisor of 1000 and 16?
8
Calculate the greatest common divisor of 28458 and 34.
34
What is the highest common divisor of 96 and 816?
48
Calculate the greatest common factor of 7041 and 3.
3
What is the greatest common factor of 869 and 79?
79
What is the greatest common factor of 378 and 714?
42
Calculate the greatest common divisor of 3097 and 38.
19
What is the greatest common divisor of 238 and 51?
17
Calculate the highest common divisor of 42 and 54.
6
What is the highest common factor of 15160 and 50?
10
What is the greatest common factor of 344 and 172?
172
Calculate the greatest common factor of 90 and 1395.
45
Calculate the greatest common divisor of 783 and 45.
9
Calculate the highest common divisor of 165 and 253.
11
What is the highest common factor of 8 and 24?
8
Calculate the highest common divisor of 465 and 30.
15
Calculate the greatest common factor of 3179 and 374.
187
What is the greatest common divisor of 72 and 486?
18
Calculate the highest common divisor of 425 and 6205.
85
What is the greatest common factor of 532 and 152?
76
What is the greatest common divisor of 5220 and 1450?
290
What is the greatest common divisor of 28 and 42?
14
Calculate the greatest common divisor of 1 and 233.
1
Calculate the highest common factor of 14112 and 224.
224
Calculate the greatest common divisor of 12 and 111.
3
Calculate the greatest common divisor of 10 and 224.
2
Calculate the greatest common divisor of 222 and 296.
74
What is the greatest common factor of 4554 and 990?
198
What is the highest common factor of 39765 and 165?
165
What is the greatest common factor of 51 and 136?
17
What is the highest common divisor of 37 and 592?
37
What is the highest common factor of 162 and 9?
9
What is the greatest common divisor of 858 and 5016?
66
Calculate the greatest common divisor of 120 and 80.
40
What is the highest common divisor of 69 and 1495?
23
Calculate the highest common factor of 13139 and 7.
7
Calculate the highest common factor of 140 and 1015.
35
Calculate the greatest common divisor of 168 and 1608.
24
Calculate the greatest common divisor of 322 and 828.
46
What is the greatest common factor of 195 and 1599?
39
What is the greatest common factor of 12 and 7760?
4
What is the greatest common factor of 5 and 155?
5
Calculate the greatest common factor of 86700 and 60.
60
What is the highest common factor of 10580 and 20?
20
Calculate the highest common divisor of 24 and 4476.
12
What is the highest common divisor of 100 and 45?
5
Calculate the highest common factor of 297 and 11.
11
What is the greatest common factor of 136 and 799?
17
What is the highest common factor of 12530 and 70?
70
Calculate the greatest common divisor of 1621 and 1.
1
Calculate the highest common divisor of 45 and 1665.
45
Calculate the highest common factor of 230 and 130.
10
Calculate the greatest common divisor of 24 and 6372.
12
Calculate the highest common divisor of 693 and 8217.
99
Calculate the greatest common divisor of 178 and 2848.
178
What is the greatest common divisor of 90 and 1050?
30
What is the highest common factor of 598 and 14651?
299
What is the highest common factor of 475 and 50?
25
What is the greatest common factor of 95440 and 8?
8
Calculate the highest common factor of 2 and 2206.
2
What is the greatest common factor of 4246 and 3474?
386
Calculate the greatest common divisor of 282 and 987.
141
What is the greatest common factor of 7 and 133?
7
Calculate the greatest common divisor of 40 and 100.
20
Calculate the highest common factor of 680 and 255.
85
What is the highest common factor of 1296 and 4698?
162
What is the highest common factor of 536 and 7102?
134
Calculate the highest common divisor of 144 and 414.
18
Calculate the highest common divisor of 286 and 2486.
22
Calculate the greatest common factor of 259 and 4625.
37
Calculate the greatest common factor of 370 and 20.
10
Calculate the greatest common factor of 2020 and 60.
20
Calculate the highest common divisor of 828 and 92.
92
Calculate the greatest common divisor of 19 and 1501.
19
Calculate the highest common divisor of 18 and 162.
18
Calculate the greatest common divisor of 1288 and 6601.
161
What is the highest common factor of 153 and 85?
17
Calculate the highest common factor of 920 and 680.
40
Calculate the greatest common factor of 180 and 120.
60
Calculate the greatest common factor of 50 and 145.
5
What is the greatest common divisor of 1746 and 18?
18
What is the greatest common divisor of 1016 and 56?
8
Calculate the greatest common factor of 1133 and 11.
11
Calculate the highest common divisor of 553 and 158.
79
What is the highest common factor of 36 and 128?
4
What is the highest common divisor of 1701 and 21?
21
What is the highest common factor of 36 and 333?
9
Calculate the highest common divisor of 129 and 215.
43
What is the greatest common divisor of 768 and 132?
12
Calculate the greatest common divisor of 864 and 84.
12
Calculate the greatest common factor of 1529 and 33.
11
Calculate the highest common divisor of 1586 and 366.
122